. Let f(b) = 7*b - 3. Let i(d) = d**2 - 11*d + 23. Let m be i(8). Let v(k) = m*f(k) + 6*l(k). Give v(7).
-10
Let u(t) = -4 - 5*t - 6 - 4 + 1. Determine u(-4).
7
Let q(g) = -5*g**2 - 3. Let h(z) = -14*z**2 - 9. Let f(n) = -6*h(n) + 17*q(n). What is f(-3)?
-6
Let w(o) = -9*o - 23. Let n be w(-8). Let x = n - 49. Let r(y) = -y**3 + 4. What is r(x)?
4
Let n(p) = p**2 + 2*p. Suppose 0 = f - 3 - 2. Suppose -3*o + 12 = -5*y - 0*y, -o - 16 = f*y. Determine n(y).
3
Let v(y) = 3426*y + 4 - 1715*y + y**2 - 1718*y. Let o(x) = x**3 + 5*x**2 + 6. Let z be o(-5). Calculate v(z).
-2
Let c(t) = t**3 - t**2 - 2*t - 4. Let h be c(0). Let n(w) be the third derivative of -w**5/60 - w**4/8 + w**3/6 - 42*w**2. What is n(h)?
-3
Let h(k) be the first derivative of k**3/3 - 11*k**2/2 + 13*k - 21. Let i(c) = c**3 - 6*c**2 + 2*c - 1. Let z be i(6). Give h(z).
13
Let z(p) be the third derivative of -p**6/24 + p**5/30 - p**3/6 + p**2. Let a(o) = 3*o - 106. Let c be a(35). Give z(c).
6
Suppose 0 = -3*c + 4*k + 2, 5*k - 12 = -3*c - 1. Suppose -4*o = r + 2*r - 55, c = -o. Let v(l) = 0*l - r + 16 - 2*l + l. Calculate v(5).
-10
Let i(v) = v**2 - 20*v - 43. Let d be (2/(-4))/(27/(-1188)). Give i(d).
1
Let x(l) = l + 4*l - l**2 + 10 - 4. Let a = 55 + -113. Let s = a + 63. Determine x(s).
6
Let m(r) = 5*r**2 + 5*r - 1. Let n(d) = -11*d**2 - 10*d + 3. Let p(k) = -13*m(k) - 6*n(k). Let q(o) = 4*o + 51. Let s be q(-11). Determine p(s).
9
Let v be (2/6)/(5/15). Let c(y) = y + 1. Let d(l) = -l**2 - 4*l + 2. Let q(n) = v*d(n) + 2*c(n). Let h be q(-4). Let f(p) = p**2 + 3*p - 2. Determine f(h).
2
Suppose -4*a = 12, 0 = -k - a - 0*a + 9. Let x(w) = 19 - 32 - w + k. Calculate x(0).
-1
Let r(i) = -8*i**2 - i. Let b = 4 + 14. Suppose b = -4*f + 10*f. Suppose -f*o - 13 = 2*n - 7*n, 0 = 4*o - 4*n + 12. Calculate r(o).
-7
Let r(c) = -3*c**2 + 19*c + 2. Let m(f) = -17*f**2 + 94*f + 8. Let q(a) = 2*m(a) - 11*r(a). Give q(-21).
-6
Let d(o) be the first derivative of o**4/4 - o**3/3 - o**2 + o - 115. Determine d(2).
1
Let o(h) = 6*h**2 + 74*h + 74. Let r be o(-1). Let d(f) = -f**3 + 6*f**2 - 9*f. What is d(r)?
-54
Let c be ((-4)/((-16)/4))/(3/12). Let q(w) = -w**3 + 5*w**2 - 5*w + 3. What is q(c)?
-1
Let m(t) = t. Let i be (-24)/(-7)*126/12. Let g = 35 - i. What is m(g)?
-1
Let t = -143 - -79. Let c = -69 - t. Let w(g) = g**3 + 6*g**2 + 3*g - 5. What is w(c)?
5
Let p(b) = -4*b**2 + 2*b + 1. Let x = -5 + 10. Suppose x*l - 2 = 4*l. Suppose 2 + l = -4*i. What is p(i)?
-5
Let k(b) be the second derivative of -b**3/6 + 4*b**2 + 245*b. Let s = -5 - -11. Give k(s).
2
Suppose 8*l - 2*l - 12 = 0. Let n(o) = o**2 - 6*o - 10. Let z be n(8). Let a(c) = l*c**2 - 1 + 2*c - 6*c**2 + 3*c**2 - z*c**2. What is a(1)?
-6
Let h(k) = -k + 2. Suppose -i + 7 = 5*l, 0 = -4*l - i + 3*i + 14. Suppose -13 + l = -s. Give h(s).
-9
Let h(x) = 6*x - 15. Let a be h(4). Suppose 3*r = -3*i + a, 0 = -i + 2*r - 3 + 12. Let w(p) = p - 3. Give w(i).
2
Let g = -547 + 549. Let z(b) = -4*b**2 + 2*b + 1. Give z(g).
-11
Let l(t) be the first derivative of t**7/840 + t**6/72 - t**5/24 + 5*t**4/24 + 5*t**3 - 3. Let f(u) be the third derivative of l(u). What is f(-6)?
-1
Let i = -31 + 34. Let g(o) = o - 2. Let q(m) be the second derivative of m**3/6 - 3*m**2/2 + 4*m. Let p(h) = 3*g(h) - 2*q(h). Give p(i).
3
Let v(f) = 2*f**2 - 1. Let z(l) = -l**3 + 15*l**2 - 5*l - 9. Let k(q) = -4*v(q) + z(q). What is k(6)?
1
Let u(r) = 6*r - 3. Let z(t) be the first derivative of t**2/2 + 2. Let v(l) = -u(l) + 4*z(l). Determine v(3).
-3
Let p(h) = -h**3 + h**2 + 2*h - 4. Let r be 3 + (14/161 - (-125)/(-115)). Determine p(r).
-4
Let q(g) be the third derivative of g**5/15 + g**4/24 - 5*g**2 + 13. Let y = 0 - -1. Calculate q(y).
5
Let u(c) be the second derivative of 1/3*c**3 - 1/120*c**6 - 5/24*c**4 - 2*c**2 + 0 + 1/15*c**5 - 5*c. Let a(s) be the first derivative of u(s). Give a(3).
-4
Let r(a) = -a + 2. Let h(c) = c**2 - c + 1. Suppose 3*b - 2*f = 13, 0*b - 2*f - 8 = 2*b. Let d(q) = b*h(q) - r(q). Determine d(-1).
0
Let v(r) = -r**3 - 5*r**2 - 2. Let a(t) = -t**3 - 4*t**2 - 2. Let g(d) = 5*a(d) - 4*v(d). Let b(z) = z**3 - 4*z**2 - 2. Let q be b(4). Give g(q).
6
Let h(f) = -2*f**2 - f + 4. Let z(a) = -2*a - 82. Let o be z(-42). Calculate h(o).
-6
Let a(c) = -c**3 - 2*c**2. Let n be (4 - -3 - 4) + -52. Let j = -50 - n. Determine a(j).
-1
Let u(z) = -9*z**2 - 9*z. Let b(x) = -2*x**2 - x - 1. Let k(q) = 5*b(q) - u(q). Determine k(5).
-10
Let k be (1 + 0 + -1)/(-2). Let a(g) = 2*g**3 - 32*g**2 + 5. Let n be a(16). Let f(o) = -6 - n + o + 7. Give f(k).
-4
Suppose 10*p = 3*p. Let i(u) = 5*u - 5 + 2*u + p*u + u. Let r(g) = -1. Let v(y) = -i(y) + 4*r(y). Calculate v(2).
-15
Let p(u) = -9*u**2 - 19 - 80*u + 31*u + u**3 + 50*u. Give p(9).
-10
Let x(m) be the third derivative of -m**7/70 + m**5/120 + m**4/24 + 13*m**3/6 - 10*m**2. Let d(f) be the first derivative of x(f). Determine d(-1).
12
Let f(u) = -8*u**2 - 2*u - 1. Let z(l) = l**3 - 9*l**2 + 7*l + 1. Let q be z(8). Let r(o) = -15*o**2 - 3*o - 2. Let m(i) = q*f(i) + 4*r(i). Calculate m(1).
-3
Let s = -6398 - -6397. Let p(v) = 60*v**2 - 11*v - 11. Let k(b) = -30*b**2 + 5*b + 5. Let x(w) = -9*k(w) - 4*p(w). Determine x(s).
30
Let p(c) = -5*c**2 - c. Let g(w) = 3*w - 7 + 6 - 2*w**2 + w**2. Let u = 0 + 2. Let k be g(u). Determine p(k).
-6
Let d(p) = -p**2 + 18*p - 8. Let l be d(9). Let a = l + -68. Let u(g) = g**2 - 4*g - 4. What is u(a)?
1
Let o(m) = -m**2 + 11*m - 13. Let g = 15 - 6. Let l be o(g). Let d(j) = -j**2 + 6*j - 3. What is d(l)?
2
Let d(c) be the third derivative of -c**4/24 + 5*c**3/6 - 20*c**2. Let k be d(0). Let t(q) = -q**2 + 3*q + 5. What is t(k)?
-5
Let f = 96 - 94. Suppose 10 = -f*o - 4. Let u(r) = r**3 + 7*r**2 - r + 3. Give u(o).
10
Let g = 196 + -301. Let x be (2/3)/(10/g). Let o(a) = -a**3 - 7*a**2 - 2*a - 7. Calculate o(x).
7
Let g be (4 - 2)*(-3)/6. Let w(r) be the first derivative of -5*r**2/2 + r - 44. Calculate w(g).
6
Let z(r) = -r**2 - 11*r - 12. Let u be 0*(3 - 15/6). Suppose u = -11*d - 42 - 46. Calculate z(d).
12
Suppose 5*x - 30 = -5*x. Let f(b) = 0*b**2 + 7*b**2 - 6*b + 0*b - b**3 + 0*b**x. Determine f(6).
0
Let p(t) = 3*t + 4. Let h(k) = -6*k + 24. Let j be h(3). Give p(j).
22
Let r(f) = -3*f**3 - 3*f**2 - f - 2. Suppose 6*w - 84 = -96. What is r(w)?
12
Let z(x) = -x**3 + 5*x**2 + 6*x + 6. Suppose -66 + 0 = -11*r. What is z(r)?
6
Let m(s) = -s**3 - 12*s**2 - 10*s + 15. Let u be m(-11). Suppose u*l - 8 = -0*l. Let w(n) = -67 - 2*n**l + 2*n + 64 + 0*n**2. What is w(3)?
-15
Let k(j) = -j**2 + 7*j - 3. Let s(b) be the second derivative of -b**2/2 + 4*b. Let w(p) = -k(p) - 4*s(p). Let t = -2 + 7. Determine w(t).
-3
Let q(g) = g. Let i = 21 - 17. Suppose 0 = -5*z - p + 4 - 16, i*z + 6 = -2*p. Determine q(z).
-3
Let b(o) = o + 4. Let x(f) = -f**2 - 38*f - 86. Let g be x(-36). Determine b(g).
-10
Let j(f) = f**2 - 8*f + 7. Suppose 4*b - 92 = -4*n, -n - 116 = -4*b + 3*n. Let w = 29 - b. Suppose -w = -5*l + 27. Give j(l).
-5
Suppose -5*s = 5*r - 2*r - 1, -3*s - r + 3 = 0. Let q(n) = -6 + s + n + 5*n - n. Let i(a) = -6*a + 5. Let h(c) = -4*i(c) - 5*q(c). Calculate h(0).
0
Let n(w) = 4*w - 53. Let r(y) = 3*y - 44. Let g(v) = 4*n(v) - 5*r(v). Let o be 2/5 - 96/15. Determine g(o).
2
Let m(l) be the first derivative of l**6/120 + l**5/12 + 2*l**3/3 - 17*l**2/2 - 2. Let u(s) be the second derivative of m(s). Determine u(-5).
4
Suppose 446*s = 469*s + 115. Let d(c) = -c**2 - 4*c + 5. What is d(s)?
0
Let h be (11/(-3) - -1)/(46/(-69)). Let a(j) = 35*j + h + 5 - 3 - 36*j. Determine a(5).
1
Let f = -734 + 734. Let q(x) = -x**3 + x**2 + x + 2. What is q(f)?
2
Let o be 9/21 - (-296)/28. Let v(x) = 8*x**3 - 2*x**2 + 3*x + 17. Let c(r) = 3*r**3 - 1 + 0*r**2 + 7 + r - r**2. Let f(n) = o*c(n) - 4*v(n). Calculate f(3).
-5
Let j be (3/35)/((-80)/(-140)). Let f(d) be the third derivative of -j*d**5 + 1/6*d**3 + 0*d + 0 - 3*d**2 + 0*d**4. Give f(-1).
-8
Let f = 7 + -3. Let l = f - 20. Let c be l/6*(-18)/(-12). Let y(g) = g + 5. Determine y(c).
1
Let i(w) be the third derivative of -w**5/30 - 5*w**4/12 - 2*w**3/3 - 388*w**2. Calculate i(-5).
-4
Let n be (-2 + 1)*(-161)/(-7). Let r = 26 + n. Suppose -2 = -5*x + r. Let p(j) = -8*j**3 + 2*j**2 - 2*j + 1. Give p(x).
-7
Let m(t) = -7*t**2 + 11*t + 2. Let l(g) = 9*g